 divided by 279.
233
Calculate the remainder when 648 is divided by 106.
12
What is the remainder when 194 is divided by 20?
14
Calculate the remainder when 354 is divided by 20.
14
Calculate the remainder when 107 is divided by 19.
12
What is the remainder when 241 is divided by 56?
17
Calculate the remainder when 3748 is divided by 15.
13
What is the remainder when 23812 is divided by 51?
46
Calculate the remainder when 12535 is divided by 37.
29
What is the remainder when 44 is divided by 35?
9
What is the remainder when 469 is divided by 94?
93
Calculate the remainder when 213 is divided by 54.
51
Calculate the remainder when 4 is divided by 4.
0
Calculate the remainder when 792 is divided by 258.
18
What is the remainder when 58 is divided by 17?
7
Calculate the remainder when 734 is divided by 203.
125
What is the remainder when 905 is divided by 220?
25
What is the remainder when 2894 is divided by 67?
13
What is the remainder when 5048 is divided by 50?
48
What is the remainder when 1377 is divided by 7?
5
Calculate the remainder when 174 is divided by 33.
9
What is the remainder when 139 is divided by 41?
16
What is the remainder when 174 is divided by 22?
20
Calculate the remainder when 3373 is divided by 8.
5
Calculate the remainder when 3686 is divided by 17.
14
What is the remainder when 251 is divided by 32?
27
What is the remainder when 216 is divided by 77?
62
Calculate the remainder when 506 is divided by 85.
81
What is the remainder when 287 is divided by 134?
19
Calculate the remainder when 899 is divided by 149.
5
What is the remainder when 1070 is divided by 23?
12
Calculate the remainder when 110 is divided by 33.
11
What is the remainder when 193 is divided by 33?
28
Calculate the remainder when 271 is divided by 57.
43
Calculate the remainder when 479 is divided by 126.
101
Calculate the remainder when 1966 is divided by 278.
20
Calculate the remainder when 114 is divided by 41.
32
What is the remainder when 1277 is divided by 64?
61
Calculate the remainder when 7 is divided by 6.
1
Calculate the remainder when 164 is divided by 8.
4
What is the remainder when 420 is divided by 47?
44
Calculate the remainder when 201 is divided by 64.
9
Calculate the remainder when 34 is divided by 17.
0
What is the remainder when 258 is divided by 68?
54
Calculate the remainder when 1038 is divided by 211.
194
Calculate the remainder when 35 is divided by 34.
1
Calculate the remainder when 3787 is divided by 9.
7
Calculate the remainder when 11253 is divided by 8.
5
What is the remainder when 54 is divided by 14?
12
What is the remainder when 4977 is divided by 38?
37
Calculate the remainder when 158 is divided by 56.
46
Calculate the remainder when 94 is divided by 13.
3
What is the remainder when 140 is divided by 72?
68
Calculate the remainder when 389 is divided by 125.
14
Calculate the remainder when 1090 is divided by 84.
82
What is the remainder when 586 is divided by 186?
28
Calculate the remainder when 684 is divided by 49.
47
Calculate the remainder when 2013 is divided by 32.
29
What is the remainder when 449 is divided by 5?
4
What is the remainder when 63 is divided by 17?
12
What is the remainder when 253 is divided by 51?
49
Calculate the remainder when 3236 is divided by 247.
25
What is the remainder when 296 is divided by 34?
24
What is the remainder when 597 is divided by 199?
0
What is the remainder when 1291 is divided by 117?
4
What is the remainder when 73 is divided by 3?
1
What is the remainder when 5 is divided by 1?
0
Calculate the remainder when 706 is divided by 34.
26
Calculate the remainder when 2154 is divided by 17.
12
What is the remainder when 184 is divided by 174?
10
What is the remainder when 2584 is divided by 11?
10
What is the remainder when 476 is divided by 76?
20
What is the remainder when 114 is divided by 18?
6
Calculate the remainder when 361 is divided by 57.
19
What is the remainder when 2242 is divided by 187?
185
Calculate the remainder when 451 is divided by 93.
79
What is the remainder when 7195 is divided by 122?
119
What is the remainder when 2630 is divided by 56?
54
What is the remainder when 146 is divided by 18?
2
What is the remainder when 192 is divided by 9?
3
Calculate the remainder when 163 is divided by 87.
76
What is the remainder when 2394 is divided by 82?
16
What is the remainder when 23 is divided by 19?
4
Calculate the remainder when 2760 is divided by 33.
21
Calculate the remainder when 142 is divided by 36.
34
Calculate the remainder when 79 is divided by 25.
4
What is the remainder when 20849 is divided by 13?
10
Calculate the remainder when 26009 is divided by 90.
89
Calculate the remainder when 2139 is divided by 532.
11
What is the remainder when 633 is divided by 169?
126
What is the remainder when 13497 is divided by 25?
22
Calculate the remainder when 2671 is divided by 14.
11
What is the remainder when 2823 is divided by 257?
253
Calculate the remainder when 240 is divided by 9.
6
Calculate the remainder when 88 is divided by 23.
19
What is the remainder when 12525 is divided by 29?
26
Calculate the remainder when 1182 is divided by 35.
27
What is the remainder when 6527 is divided by 142?
137
Calculate the remainder when 74 is divided by 24.
2
What is the remainder when 2981 is divided by 10?
1
Calculate the remainder when 29548 is divided by 15.
13
Calculate the remainder when 172 is divided by 23.
11
Calculate the remainder when 305 is divided by 72.
17
Calculate the remainder when 1289 is divided by 186.
173
Calculate the remainder when 372 is divided by 93.
0
Calculate the remainder when 127 is divided by 35.
22
What is the remainder when 1396 is divided by 56?
52
What is the remainder when 338 is divided by 21?
2
What is the remainder when 3266 is divided by 33?
32
What is the remainder when 3770 is divided by 82?
80
What is the remainder when 2719 is divided by 80?
79
Calculate the remainder when 170 is divided by 33.
5
Calculate the remainder when 2534 is divided by 504.
14
What is the remainder when 28 is divided by 20?
8
Calculate the remainder when 4152 is divided by 67.
65
What is the remainder when 9417 is divided by 157?
154
Calculate the remainder when 49 is divided by 11.
5
What is the remainder when 1414 is divided by 158?
150
Calculate the remainder when 3608 is divided by 172.
168
What is the remainder when 212 is divided by 100?
12
What is the remainder when 1395 is divided by 30?
15
Calculate the remainder when 569 is divided by 22.
19
Calculate the remainder when 2279 is divided by 175.
4
What is the remainder when 150 is divided by 8?
6
What is the remainder when 364 is divided by 89?
8
What is the remainder when 929 is divided by 93?
92
Calculate the remainder when 18563 is divided by 91.
90
Calculate the remainder when 34 is divided by 33.
1
Calculate the remainder when 10722 is divided by 55.
52
What is the remainder when 355 is divided by 24?
19
Calculate the remainder when 312 is divided by 7.
4
Calculate the remainder when 332 is divided by 8.
4
Calculate the remainder when 35 is divided by 27.
8
What is the remainder when 2041 is divided by 29?
11
What is the remainder when 1536 is divided by 154?
150
Calculate the remainder when 673 is divided by 97.
91
Calculate the remainder when 348 is divided by 120.
108
What is the remainder when 6 is divided by 4?
2
Calculate the remainder when 5941 is divided by 3.
1
What is the remainder when 1557 is divided by 50?
7
What is the remainder when 359 is divided by 19?
17
What is the remainder when 153 is divided by 93?
60
What is the remainder when 64 is divided by 11?
9
What is the remainder when 546 is divided by 110?
106
What is the remainder when 2628 is divided by 188?
184
Calculate the remainder when 178 is divided by 25.
3
Calculate the remainder when 198 is divided by 40.
38
Calculate the remainder when 6048 is divided by 55.
53
What is the remainder when 323 is divided by 104?
11
What is the remainder when 44 is divided by 5?
4
What is the remainder when 70 is divided by 26?
18
Calculate the remainder when 10583 is divided by 84.
83
What is the remainder when 176 is divided by 41?
12
What is the remainder when 432 is divided by 15?
12
What is the remainder when 108 is divide